nd 48611.
1
What is the highest common divisor of 46329426 and 12792?
3198
What is the highest common factor of 7301 and 577563?
49
Calculate the greatest common divisor of 15226883 and 1785.
119
What is the greatest common divisor of 267779 and 100316?
809
What is the highest common factor of 2952 and 236498988?
492
Calculate the greatest common divisor of 7 and 32000661.
7
What is the greatest common divisor of 116864 and 134816?
352
Calculate the highest common divisor of 100775 and 48575.
725
Calculate the highest common factor of 28881144 and 126.
18
What is the highest common divisor of 387984 and 46854?
822
Calculate the highest common divisor of 258966 and 486.
18
Calculate the highest common factor of 120 and 633195.
15
Calculate the highest common factor of 629525 and 309175.
3725
What is the greatest common factor of 2116881 and 44577?
351
What is the highest common factor of 5288547 and 561?
561
Calculate the greatest common factor of 49750492 and 11.
11
Calculate the highest common divisor of 23984 and 20.
4
Calculate the greatest common divisor of 162149772 and 6.
6
Calculate the greatest common divisor of 16 and 8864048.
16
Calculate the greatest common factor of 6562157 and 826.
413
What is the highest common divisor of 165 and 10827905?
55
What is the greatest common divisor of 31302339 and 3261?
3261
Calculate the greatest common divisor of 37623594 and 1128.
282
What is the greatest common divisor of 1126 and 154118?
2
What is the highest common divisor of 1260963 and 38258?
517
Calculate the highest common factor of 6840 and 2959155.
855
Calculate the highest common divisor of 4256426 and 7820.
782
Calculate the highest common divisor of 3816 and 1765944.
72
Calculate the greatest common factor of 1188 and 4768356.
12
What is the greatest common factor of 133 and 6366934?
7
What is the greatest common factor of 2680 and 12446590?
670
What is the highest common divisor of 107721600 and 3675?
3675
Calculate the greatest common divisor of 448161 and 357.
21
What is the greatest common divisor of 17056 and 46028281?
533
Calculate the greatest common divisor of 9928399 and 1937.
13
Calculate the highest common factor of 625 and 66735250.
125
What is the highest common factor of 594 and 4192155?
297
Calculate the greatest common factor of 67907595 and 52185.
7455
Calculate the greatest common factor of 20625020 and 352820.
5980
What is the highest common factor of 224 and 209912768?
32
What is the highest common divisor of 8439 and 1403431017?
8439
What is the highest common factor of 204 and 4326096?
12
Calculate the highest common factor of 9032121 and 2619.
27
Calculate the greatest common divisor of 108 and 9974385.
9
What is the highest common factor of 12879 and 182055?
159
What is the highest common divisor of 273356559 and 63?
63
What is the greatest common divisor of 27 and 11565342?
27
What is the greatest common divisor of 2262852 and 191439?
2151
What is the greatest common factor of 14080 and 188829696?
2816
Calculate the highest common divisor of 567285 and 20355.
885
Calculate the highest common factor of 207041793 and 119.
119
What is the greatest common factor of 12194 and 5408?
26
Calculate the greatest common divisor of 4290 and 159549.
39
What is the highest common factor of 118034 and 19208?
14
What is the greatest common factor of 26217 and 127791?
27
What is the highest common factor of 1885 and 2460445?
65
What is the greatest common divisor of 124485976 and 424?
424
Calculate the highest common factor of 92861314 and 35.
7
What is the greatest common divisor of 168627883 and 146?
73
Calculate the greatest common factor of 44145 and 136890.
405
Calculate the greatest common factor of 8469160 and 43508.
596
What is the greatest common factor of 6692625 and 5052375?
10125
What is the greatest common factor of 70 and 3280073510?
70
What is the highest common divisor of 51972 and 4110048?
852
Calculate the highest common factor of 4427900 and 500.
100
Calculate the greatest common divisor of 416066 and 4175388.
3682
Calculate the greatest common divisor of 1891512 and 3290868.
2268
Calculate the greatest common divisor of 67066560 and 1914.
1914
What is the highest common factor of 826256 and 1636240?
1808
What is the highest common divisor of 12 and 23202771?
3
What is the highest common factor of 4669155 and 45?
45
What is the highest common factor of 42 and 45010686?
42
Calculate the highest common factor of 748 and 3362481.
17
What is the highest common divisor of 77488136 and 103?
103
What is the greatest common divisor of 1012987 and 369?
41
Calculate the highest common factor of 9 and 2474763.
3
What is the greatest common divisor of 7022780 and 1520?
380
Calculate the greatest common factor of 1124 and 7536701.
281
What is the greatest common factor of 66673 and 124928?
61
What is the highest common divisor of 24 and 7834528?
8
Calculate the greatest common divisor of 351620 and 220.
20
What is the greatest common divisor of 1015 and 1160899?
29
What is the highest common divisor of 12998 and 7252108?
194
What is the greatest common factor of 6216 and 17581179?
777
Calculate the greatest common factor of 411645 and 9165.
195
What is the highest common factor of 48 and 147570?
6
What is the highest common divisor of 77367 and 3121098?
1887
Calculate the greatest common divisor of 317376 and 62244.
684
What is the greatest common divisor of 2525284 and 55088?
1252
Calculate the highest common factor of 47362706 and 874.
38
What is the greatest common factor of 32643173 and 2201?
71
What is the highest common divisor of 41379 and 819663?
39
Calculate the greatest common factor of 1089484756 and 1627.
1627
What is the greatest common factor of 59056129 and 99?
11
Calculate the highest common divisor of 1689133 and 495427.
3901
Calculate the highest common divisor of 187 and 23188034.
17
Calculate the greatest common divisor of 382618 and 19888.
226
Calculate the highest common divisor of 53792 and 885536.
32
Calculate the highest common divisor of 550 and 1596800.
50
What is the greatest common factor of 5364 and 13956532?
596
What is the highest common divisor of 3233138 and 2?
2
Calculate the highest common factor of 2512230 and 2310.
210
What is the highest common factor of 535 and 16943343?
107
Calculate the greatest common divisor of 24 and 8039604.
12
Calculate the highest common factor of 489981921 and 5896.
737
What is the highest common divisor of 16 and 203788804?
4
What is the highest common divisor of 5497 and 3097679?
239
What is the greatest common divisor of 30912072 and 348?
12
Calculate the highest common factor of 52056224 and 704.
352
What is the highest common divisor of 46993287 and 1899?
633
Calculate the greatest common factor of 740476 and 59092.
44
Calculate the greatest common factor of 4324674 and 66.
6
What is the greatest common divisor of 5909 and 520925?
311
Calculate the highest common factor of 230441 and 2064163.
4903
What is the highest common divisor of 2112425 and 27475?
175
Calculate the greatest common divisor of 645650 and 30.
10
Calculate the highest common factor of 238 and 14539301.
119
What is the greatest common divisor of 23072 and 4113760?
224
Calculate the greatest common factor of 301960276 and 86.
86
Calculate the highest common factor of 496656 and 684.
36
What is the greatest common divisor of 17508 and 384?
12
Calculate the greatest common factor of 75759876 and 72.
36
What is the highest common divisor of 52753 and 7935983?
743
Calculate the greatest common factor of 72192 and 1197744.
48
Calculate the highest common factor of 743450 and 570.
10
What is the greatest common factor of 67590760 and 146720?
5240
Calculate the greatest common divisor of 46129039 and 66.
11
Calculate the highest common divisor of 23855 and 2664787.
367
What is the highest common factor of 21 and 3772755?
21
What is the highest common factor of 806468 and 128?
4
Calculate the highest common factor of 437427 and 240516.
459
What is the greatest common divisor of 68096 and 25802?
266
What is the highest common factor of 88974 and 80334?
18
Calculate the highest common factor of 18 and 2757466188.
18
Calculate the highest common divisor of 581 and 3402618947.
581
What is the